= -a**2 + 34*a - 18. Determine f(32).
46
Let t(g) = g**3 + 2*g**2 + 1. Determine t(2).
17
Let k(r) = 29*r + 55. Give k(-4).
-61
Let o(b) = b**2 + 5*b + 1. What is o(-4)?
-3
Let p(a) = a**2 + 6*a + 22. What is p(-5)?
17
Let n(h) = -5*h + 167. Give n(30).
17
Let u(g) = g**2 - 3*g + 2. Determine u(-5).
42
Let y(n) = 3*n**2 - 35*n - 14. Determine y(7).
-112
Let h(p) = -2*p**3 + 2*p**2 + 4*p - 5. Give h(2).
-5
Let x(q) = -q**2 - 3*q + 2. Calculate x(-7).
-26
Let d(t) = -t**3 + 13*t**2 - 13*t + 2. What is d(12)?
-10
Let x(d) = 4*d - 14. Give x(-3).
-26
Let s(a) = -a**2 + 4*a. Determine s(5).
-5
Let p(h) = h**2 - 13*h - 16. Calculate p(13).
-16
Let s(u) = u**3 - 6*u**2 + u - 9. Determine s(6).
-3
Let p(t) = -t**2 + 12*t - 44. Calculate p(6).
-8
Let h(r) = r**2 - 7*r - 4. What is h(5)?
-14
Let i(g) = -4*g - 2. Give i(5).
-22
Let f(o) = -52*o - 468. Calculate f(-9).
0
Let r(h) = 16*h**2 + 114*h + 9. Calculate r(-7).
-5
Let k(o) = 9*o - 52. Give k(-9).
-133
Let r(q) = q - 7. What is r(4)?
-3
Let c(b) = 12*b - 82. Give c(7).
2
Let a(h) = -h**3 - 7*h**2 + 4. Calculate a(-7).
4
Let b(t) = 2*t**2 + 2*t + 1. Calculate b(2).
13
Let k(q) = -3*q + 4. Give k(4).
-8
Let q(b) = 4*b - 91. Determine q(25).
9
Let x(u) = 50*u**3 + 2*u**2 - u + 1. Give x(-1).
-46
Let m(k) = k**2 + 13*k + 14. Calculate m(-12).
2
Let l(i) = -i**2 - 24*i + 82. Determine l(-27).
1
Let d(n) = -n - 2. Calculate d(9).
-11
Let l(a) = -2*a**2 - 32*a + 11. Give l(-17).
-23
Let k(s) = -2*s**3 + s**2 + 3*s - 1. Determine k(2).
-7
Let z(x) = -x**3 - 2*x. Give z(0).
0
Let p(w) = -7*w**2 - 3*w + 3. Calculate p(-2).
-19
Let z(k) = 6*k + 7. Give z(-5).
-23
Let v(g) = -g**2 + 7*g - 8. Determine v(8).
-16
Let f(r) = -6*r - 151. What is f(-18)?
-43
Let c(h) = 3*h**2 + 85*h - 65. What is c(-29)?
-7
Let t(s) = 13*s - 97. Determine t(10).
33
Let c(m) = m**3 - m**2 - 7*m - 14. What is c(-3)?
-29
Let k(y) = y**2 - 6*y + 6. Calculate k(7).
13
Let f(r) = 9*r**2 + 3*r + 3. Give f(-2).
33
Let q(m) = -21*m**2 + m. Calculate q(-1).
-22
Let m(x) = 10*x**3 + 2*x**2 + 2*x + 1. Give m(-1).
-9
Let t(a) = -a**2 + 11*a + 10. What is t(12)?
-2
Let b(s) = s**2 - 20*s + 38. What is b(11)?
-61
Let n(u) = u**3 - 10*u**2 + 10*u - 1. What is n(9)?
8
Let s(q) = q**3 - q**2 - 2*q + 6. Give s(2).
6
Let x(v) = -v**3 + 24*v**2 - v + 20. Calculate x(24).
-4
Let o(v) = 4*v - 42. Determine o(12).
6
Let p(w) = 2*w + 8. Determine p(-3).
2
Let y(p) = 6*p + 10. Give y(3).
28
Let w(z) = 3*z - 11. Calculate w(7).
10
Let j(b) = b**2 + 22*b + 46. Determine j(-20).
6
Let c(w) = -2*w**2 - 4*w. What is c(3)?
-30
Let n(z) = -z**3 - 8*z**2 - 13*z + 2. Give n(-6).
8
Let z(j) = -3*j**2 + 3*j - 4. Calculate z(-3).
-40
Let o(i) = 8*i - 176. Calculate o(21).
-8
Let o(m) = m**3 + 7*m**2 + 10*m. What is o(-5)?
0
Let y(n) = -2*n + 13. Determine y(9).
-5
Let f(n) = n**2 - 3*n - 4. Give f(3).
-4
Let b(a) = a**3 + a**2 - a + 2. What is b(-4)?
-42
Let t(q) = 6*q + 11. Calculate t(4).
35
Let k(a) = a**3 + 11*a**2 + 18*a + 12. Give k(-9).
12
Let r(g) = 7*g**2 + g - 1. Calculate r(1).
7
Let k(q) = -q**3 - 21*q**2 - 21*q - 13. Give k(-20).
7
Let f(y) = -5*y + 17. Determine f(6).
-13
Let o(g) = -g**3 - 7*g**2 - 6*g - 8. Calculate o(-6).
-8
Let m(q) = 6*q + 2. Calculate m(8).
50
Let y(u) = -u**2 + 6. What is y(4)?
-10
Let t(c) = -c**2 - c + 11. Calculate t(3).
-1
Let m(k) = -k**2 + 3*k - 2. Calculate m(6).
-20
Let d(t) = -t**3 + 7*t**2 + 2. Give d(7).
2
Let y(h) = h**3 + 5*h**2 + 2*h - 1. Give y(-2).
7
Let y(z) = 9*z + 3. What is y(-6)?
-51
Let f(p) = -p**3 + 7*p**2 - 10*p + 3. Give f(6).
-21
Let b(u) = u**3 - 5*u**2 - 4*u + 5. Calculate b(5).
-15
Let i(t) = -2*t + 13. Calculate i(7).
-1
Let s(y) = 16*y**3 + 2*y**2 + y - 2. What is s(1)?
17
Let t(l) = -l**2 - 8*l + 5. What is t(-6)?
17
Let k(h) = -h**3 + 33*h**2 - 93*h + 81. What is k(30)?
-9
Let b(q) = q**3 - 10*q**2 - 9*q + 159. What is b(9)?
-3
Let s(f) = f**2 - 3*f - 24. Give s(6).
-6
Let j(h) = -72*h**2 - 1. What is j(-1)?
-73
Let u(n) = n**3 + 5*n**2 - 4*n - 4. Calculate u(-5).
16
Let a(j) = 3*j - 5. What is a(6)?
13
Let t(w) = 2*w**2 - 28*w + 60. Determine t(11).
-6
Let x(y) = -y**3 - 8*y**2 + 3*y. Calculate x(-8).
-24
Let m(g) = 12*g + 30. Give m(-2).
6
Let g(v) = 2*v**2 - 18*v + 3. Calculate g(10).
23
Let o(b) = -64*b - 389. Calculate o(-6).
-5
Let o(j) = -2*j**3 + 4*j**2 + 4*j + 2. Calculate o(-2).
26
Let h(m) = -m**2 + 10*m + 4. What is h(9)?
13
Let a(l) = l**3 + 8*l**2 + 8*l - 20. Give a(-6).
4
Let b(i) = i**2 - 4*i - 1. What is b(0)?
-1
Let r(y) = -5*y + 10. Calculate r(-7).
45
Let l(n) = n**3 + n**2 - 5*n + 7. Give l(0).
7
Let r(o) = 2*o**3 - 20*o**2 + 22*o + 4. Determine r(9).
40
Let z(h) = -h**3 - 15*h**2 - 12*h + 27. Give z(-14).
-1
Let d(y) = 6*y + 54. Calculate d(-9).
0
Let v(k) = k**3 + 8*k**2 - 7*k + 6. Calculate v(-9).
-12
Let i(g) = -g**3 - 5*g**2 + 19*g - 34. Give i(-8).
6
Let g(h) = -2*h - 13. Give g(-9).
5
Let q(r) = 2*r**3 + 22*r**2 + 58*r - 4. What is q(-5)?
6
Let f(r) = r**2 + 17*r - 101. Give f(5).
9
Let q(g) = -3*g**3 - 2*g**2 + 4*g - 2. What is q(2)?
-26
Let q(g) = g**3 - 2*g**2 + g + 2. Give q(3).
14
Let l(g) = -g**3 + 2*g**2 - 4*g + 5. Give l(2).
-3
Let n(j) = -j**3 - 5*j**2 + 10*j + 24. Give n(-6).
0
Let l(o) = 7*o - 4. Determine l(6).
38
Let l(d) = -d**3 - 2*d**2 + 12*d - 23. Determine l(2).
-15
Let f(h) = 2*h + 9. Give f(-3).
3
Let u(l) = 3*l**3 + 124*l**2 - 82*l + 84. Calculate u(-42).
0
Let n(j) = 31*j - 589. What is n(19)?
0
Let y(c) = -c - 61. Give y(20).
-81
Let v(x) = -7*x + 1. Give v(-3).
22
Let z(i) = i**2 - 2*i - 7. Determine z(6).
17
Let u(l) = -26*l - 127. What is u(-5)?
3
Let y(x) = 2*x**2 + 2*x + 3. Determine y(0).
3
Let x(w) = -w - 11. Give x(-4).
-7
Let n(r) = -16*r**2 + 3*r. Determine n(2).
-58
Let f(q) = q**2 - 38*q - 42. Calculate f(39).
-3
Let z(o) = 7*o - 68. What is z(9)?
-5
Let v(q) = 22*q**2 + 2*q + 1. Give v(-1).
21
Let h(m) = -m**3 + 10*m**2 - 20*m - 5. Calculate h(7).
2
Let b(f) = -f - 8. Calculate b(-16).
8
Let a(b) = -14*b - 181. What is a(-14)?
15
Let z(v) = 6*v + 127. Determine z(-22).
-5
Let o(y) = -4*y - 5. What is o(-9)?
31
Let x(v) = -5*v - 20. Calculate x(-6).
10
Let w(q) = -5*q + 12. What is w(6)?
-18
Let t(r) = r**3 - 9*r**2 + 6*r + 10. Give t(8).
-6
Let r(z) = -z**3 - 7*z**2 - 7*z - 12. What is r(-6)?
-6
Let j(g) = 3*g**2 + 114*g + 106. Give j(-37).
-5
Let d(t) = -6*t + 190. Give d(30).
10
Let w(x) = -7*x**2 - 57*x - 14. What is w(-8)?
-6
Let d(j) = j**3 + 6*j**2 - 15*j + 3. Give d(-8).
-5
Let o(g) = -g**2 - 18*g - 34. Determine o(-14).
22
Let r(n) = -n**2 + 9*n + 4. Give r(8).
12
Let x(z) = -6*z + 104. What is x(17)?
2
Let p(y) = y**3 + 34*y**2 + 25*y - 260. Calculate p(-33).
4
Let j(s) = s**3 - 22*s**2 + 22*s - 14. What is j(21)?
7
Let a(u) = 33*u**2 - 5*u + 13. What is a(2)?
135
Let l(m) = m**3 - 10*m**2 + 2*m - 16. Give l(10).
4
Let c(y) = -2*y**2 - 10*y - 4. Give c(-5).
-4
Let y(b) = -b**3 + 3*b**2 - b + 4. What is y(2)?
6
Let b(i) = 2*i**2 + 2*i + 5. Determine b(-6).
65
Let m(p) = -18*p + 434. Calculate m(24).
2
Let f(z) = -15*z - 23. Calculate f(-5).
52
Let p(u) = -5*u**2 + 12. Give p(4).
-68
Let r(c) = -c - 4. Calculate r(2).
-6
Let q(g) = 2*g**2 - 5*g - 7. Give q(7).
56
Let s(z) = -2*z**2 - 11*z + 23. Give s(4).
-53
Let a(s) = -2*s**2 + 5*s + 3. Calculate a(-3).
-30
Let n(v) = -10*v + 74. What is n(20)?
-126
Let c(h) = h**2 - 11*h + 12. Calculate c(6).
-18
Let s(g) = 4*g**2 + 10*g + 7. Give s(-4).
31
Let a(q) = -q**3 + 4*q**2 + q. Calculate a(2).
10
Let x(l) = 2*l - 2. Give x(-3).
-8
Let i(n) = -3*n**2 - 5*n + 1. What is i(4)?
-67
Let y(x) = -8*x**2 - x + 4. Give y(-4).
-120
Let g(q) = -5*q**2 - 11*q - 22. Determine g(-3).
-34
Let w(h) = 2*h - 4. Calculate w(1).
-2
Let l(y) = -2*y**2 + 4*y + 2. Determine l(4).
-14
Let w(u) = -u**2 - 32*u - 31. Determine w(-29).
56
Let s(j) = -15*j - 151. Calculate s(-10).
-1
Let d(p) = -p**2 - 10*p + 16. Calculate d(-11).
5
Let m(f) = 2*f**3 - 18*f**2 - 19*f - 11. Determine m(10).
-1
Let z(r) = -r**3 + 12*r**2 + 11*r - 3. Determine z(13).
-29
Let r(k) = -3*k + 10. Determine r(5).
-5
Let d(x) = -7*x**3 + x**2 - x - 4. Calculate d(-2).
58
Let c(r) = 2*r**3 - 4*r**2 - 5*r - 2. What is c(-1)?
-3
Let g(u) = -2*u + 2. Calculate g(5).
-8
Let h(c) = 2*c**3 + 3*c**2 + 2*c + 1. What is h(-3)?
-32
Let i(o) =